25/s - (-1 + -139)?
1
Suppose -20*v - 2834 = -9*v - 12*v. What is the units digit of v?
4
Let f(m) = m**2 - 9*m + 3. Suppose -5*x + 4*q + 45 = 0, -3*q - 27 = -3*x + 2*q. Let z be f(x). What is the units digit of ((-41)/z)/((20/45)/(-4))?
3
Suppose -2*y + 50686 = 2*l, -44*y = -45*y - 2*l + 25342. What is the tens digit of y?
4
Suppose 3*s = 4*n - 23 - 40, -s - 46 = -3*n. Suppose 12 = 3*b + n. What is the tens digit of (b*1)/(7/(-175))?
2
Let b(x) = 1189*x - 10. What is the thousands digit of b(2)?
2
Suppose -7923 - 88008 = -17*l. What is the tens digit of l?
4
Suppose 0 = -3*z - 4*a + 12, -3*z + 5*a - 15 = -6*z. Suppose z = -38*b - 2883 + 10217. What is the tens digit of b?
9
Let v be ((-10860)/180)/((-1)/3). Suppose -941 = -23*j + 18*j - d, -j - 2*d + v = 0. What is the units digit of j?
9
Let r be ((-33)/99)/((-1)/12) - -1795. Let b = r + -868. What is the hundreds digit of b?
9
Let o = -10488 + 17432. What is the tens digit of o?
4
Let t(u) be the second derivative of 0 - 1/12*u**4 - 2*u**3 - 12*u + 17/2*u**2. What is the tens digit of t(-12)?
1
Let f(v) = -v**2 + 34*v - 26. Let k be f(18). Suppose -5*n - 2*q = -1270, 3*n + 2*q - k = 2*n. Suppose 5*t - t = n. What is the tens digit of t?
6
Let p be (-2)/10 + 1428/15. Let s be -5 + -20*2/(-4). Suppose 6*a - a - 4*r = p, 4*a - s*r = 76. What is the tens digit of a?
1
Let m be -3*4/30 - 36/(-90). Suppose -2*h = -3*p - 711 - 552, 2*h - 5*p - 1257 = m. What is the hundreds digit of h?
6
Let j(t) = t**3 - 2*t**2 - 3*t - 1. Let b be j(-2). Let x(i) = -2*i + 19. Let o be x(b). Let k = -20 + o. What is the tens digit of k?
2
Suppose 3*p - 23 + 17 = 0. Let x(v) = 544*v + 10. Let y be x(p). What is the hundreds digit of ((-4)/12)/((-3)/y)?
1
Let d = 11653 + -8131. What is the tens digit of d?
2
Let i be (-348)/(-2) - (-1 + 3). Suppose 2*p = 5*a + 434 + i, 4*p = 3*a + 1184. What is the hundreds digit of p?
2
Let a(n) = -n**3 - 2*n**2 - 9. Let z be a(-3). Suppose 8*m + 7 - 3375 = z. What is the tens digit of m?
2
Let x be (5/(-2) + -2)/((-33)/(-8382)). Let o = 1924 + x. What is the hundreds digit of o?
7
Let o(k) = k**3 + 76*k**2 - 528*k + 11. What is the hundreds digit of o(-82)?
9
Let f be 419 - (2 + (-8)/8). Suppose -s - f + 1553 = 0. What is the tens digit of s?
3
Suppose 13*h - 14*h - 4 = 0, 5*t = 3*h + 80862. What is the thousands digit of t?
6
Suppose -10*w = -6*w. Suppose w*l = 3*l - z, 5*l = -5*z + 20. What is the units digit of 47 - l/(-2 - (-9)/3)?
6
Suppose 64*m = 53*m + 22. Suppose 5*v = -44*f + 45*f - 528, 0 = -m*v + 2. What is the units digit of f?
3
What is the tens digit of (-51)/170 - 305397/(-90)?
9
Let r(p) = p + 19. Let y be r(-16). Suppose 2*t + 0*t + y*s + 5 = 0, 4*s = t - 25. Suppose -3*z + t*z - 70 = 0. What is the tens digit of z?
3
Let m be (-4)/(-6) - -2*(-466)/(-6). Suppose -3*c = 2*d - 717, 4*c - d = m + 811. What is the units digit of c?
1
Let o(c) be the third derivative of c**5/30 + 10*c**3/3 - 52*c**2. Let p(s) = s**2 + 5*s - 7. Let g be p(-7). What is the units digit of o(g)?
8
Let k(n) = 755*n - 1232. What is the thousands digit of k(9)?
5
Let m = -70 - -68. Let n be 30/((-100)/56 - m). Let k = n - 29. What is the units digit of k?
1
What is the units digit of 2551*((-198)/(-25) - 12/(-150))?
8
Let j = -4045 + 5198. What is the thousands digit of j?
1
What is the tens digit of ((-8)/(-6))/(10/81810)?
0
Let h(v) = 8*v**2 + 6*v - 46 + 11*v**2 + 0*v**2 - v**3. Suppose 646 = 14*w + 20*w. What is the tens digit of h(w)?
6
Suppose -3*l - 4388 = -2*w + 31948, 0 = 5*w + 4*l - 90863. What is the units digit of w?
1
Let q be (-2 + (-30)/(-5))/(-1 + 0). Let p be 3 - q*27/(-12). Let m(h) = 3*h**2 - 2*h - 11. What is the tens digit of m(p)?
0
Suppose -4*g = -t - 97, 0 = -0*t + 3*t + 2*g + 249. Let f = 1392 + t. What is the tens digit of f?
0
Suppose 2*u + 386 = 4*f, 2*f - 136 = -4*u + 82. Let s = f + -96. Suppose 5*h - 304 - 90 = 3*i, s*h + 5*i - 250 = 0. What is the units digit of h?
0
Let k = 63 + -32. Suppose 0 = 3*i + k - 583. What is the units digit of -4 - i/(-12)*3?
2
Let k(y) = 12*y**2 - 4*y - 1. Let r = -17 - -15. Let v be k(r). Suppose 57*n - 262 = v*n. What is the units digit of n?
1
Let v = -4162 - -5497. What is the tens digit of v?
3
Let h(y) = 398*y - 381. What is the hundreds digit of h(23)?
7
Let g(o) be the third derivative of -o**5/60 + o**4/4 + 5*o**3/3 + 7*o**2. Let p be g(6). Suppose 0 = -p*z + 13*z - 399. What is the hundreds digit of z?
1
Suppose -586807 = -73*p + 131002. What is the thousands digit of p?
9
Let b(n) = -3*n + 11. Suppose 5*y - 10 = 0, -z + 1 = -2*z + 5*y. Let q(o) = -o + 4. Let r be q(z). What is the units digit of b(r)?
6
Let x(o) = -336*o - 1672. What is the hundreds digit of x(-22)?
7
Let w be (-11340)/(-2) - (-7 + 2). What is the units digit of 2*2/(-22) + w/55?
3
Suppose 4*i = 5*m + 58963, 33*i - 5*m = 32*i + 14752. What is the thousands digit of i?
4
Suppose 0 = -4*q + 4 + 24. Suppose -4*l - 1599 = -q*l - 3*x, -x = 5. What is the tens digit of l?
3
Let o(s) = 131*s**2 + 10*s - 20. What is the ten thousands digit of o(-10)?
1
Suppose -5*q + 18 = -2*q. Let u be q/((-21)/49 + 54/28). What is the tens digit of 75 - (u + -4)/(-4)?
7
Suppose -12*n + n = -33. Suppose o - n*d = 394, -d + 1174 = 3*o - 6*d. What is the tens digit of o?
8
Let b(t) = 5936*t - 3063. What is the thousands digit of b(3)?
4
Let k be 20601/(-54)*12/7. Let j = k + 1089. What is the hundreds digit of j?
4
Suppose -22*v = -46337 + 11225. Suppose -z + 1605 = 3*p, -v = -6*p + 3*p + 2*z. What is the units digit of p?
4
Let j be 71/2 - 1 - 6/4. Suppose -3*l + j = 2*n - 0*n, -9 = -2*n + 5*l. What is the tens digit of (-939)/(-18) - 2/n?
5
Let f(b) = -2*b - 54. Let w be f(-28). Suppose -w + 14 = 4*t. Let s(y) = -y**3 + 2*y**2 + 4*y + 3. What is the units digit of s(t)?
6
Let j(s) = s**2 - 22*s + 87. Let m be j(17). Suppose -1718 = -2*u + 5*b, 6*u - m*b = u + 4295. What is the units digit of u?
9
Suppose -75*a + 256342 = -52*a - 22671. What is the thousands digit of a?
2
Let r be 2/((-87)/(-17) - 5). Let j = r + -15. Suppose 0 = 7*z - j*z - 700. What is the units digit of z?
0
Let k be 9/(-4)*28/42*-2. Suppose k*n = -2*n - 4*m + 2215, -2*m - 2215 = -5*n. What is the hundreds digit of n?
4
Let j(n) = 3*n**3 + 126*n**2 + 24*n + 125. What is the hundreds digit of j(-41)?
1
Suppose 0 = -6*p - p - 14. Let v be 5 + p + (-3)/(6/14). What is the hundreds digit of 4 - (-120 - 12/v)?
1
Let w = -3623 - -1291. Let j = w - -3812. What is the units digit of j?
0
Let l(m) = -m**3 - 4*m**2 + 20*m - 5. Let w be l(-7). Suppose 1062 + 338 = w*j. What is the hundreds digit of j?
7
Let p = -40 - -16. Let g = p - -29. Suppose -g*w + 5*q + 35 = 0, 4*w - 57 = -q - 4. What is the tens digit of w?
1
Let v(z) be the second derivative of 1/12*z**4 + 1/6*z**3 + 2*z**2 + 0 + 16*z. What is the units digit of v(6)?
6
Suppose 5*k - 27501 = -3*x, 2*k + 18334 = 29*x - 27*x. What is the units digit of x?
7
Suppose 4158 = 17*k + k. Suppose -k*z = -229*z - 650. What is the tens digit of z?
2
Let q(i) = -i**2 - 16*i - 11. Let z(b) = -b**3 - 20*b**2 + 2*b + 25. Let l be z(-20). Let k be q(l). What is the units digit of k - (-28)/(-8)*-2?
1
Let c(g) = g**3 + 2*g**2 + 746. Let o be c(0). Suppose 2925 = -733*l + o*l. What is the units digit of l?
5
Let r = 12754 - 6086. What is the hundreds digit of r?
6
Let b = 40062 - 27560. What is the tens digit of b?
0
Suppose f - 81 = -8*f. Let a be 12/(-9)*f/(-6). Suppose -2*b - p + 215 = -0*b, -b + a*p = -110. What is the units digit of b?
8
Suppose 0*m + 120 = 4*m. Let n be 54/m*((-12)/(-9) - -2). What is the hundreds digit of 2*343/4 + (-3)/n?
1
Suppose -2240 = -4*h - 4*m, 0*h - m = -4*h + 2250. Suppose h = 27*k - 25*k. What is the units digit of k?
1
Let s be (-159)/(8/((-32)/3)). Let j = -64 + s. What is the hundreds digit of j?
1
Suppose 3*x - 6 = 6. Suppose b + 9 = -x*r, 3*r = -4*b - 10 - 0. What is the units digit of 33/6 + (-1)/r?
6
Let g(y) = 53*y + 33. Let m be g(-8). Let z = m - -670. What is the tens digit of z?
7
Suppose -13356 = -6*w - 6*w. Suppose 6*q - w = 2097. What is the tens digit of q?
3
Suppose -14*c + 21 = -11*c. Let o be 1 + c + -4 + -2. Suppose 0 = 5*y - 4*y + 5, -o*a + 5*y = -163. What is the tens digit of a?
6
Suppose 5*l = -q + 28965, 17*q = 13*q +